s of j.
2, 3, 263
Let a(c) = -c**3 + 5*c**2 + 29*c - 423. Let h be a(9). Suppose -2*k + 3555 = 3*k. Let o = k + h. List the prime factors of o.
3, 5
Let b(c) = 12*c + 56. Let y be b(-15). Let q = y + 152. What are the prime factors of q?
2, 7
Suppose 1252 = 3*u + 4*o - 5255, 0 = -4*u + o + 8676. List the prime factors of u.
3, 241
Let z(a) = -10*a - 5*a - 3*a + 131 + 6*a - 10*a. List the prime factors of z(-7).
3, 5, 19
Let u(k) = -k**3 - 86*k**2 + 29*k - 2334. List the prime factors of u(-89).
2, 19, 31
Suppose 9*h = 8*h - 271. Let n = 464 + h. What are the prime factors of n?
193
Let y(t) = 415*t**3 - t**2 + t. Let d be y(1). Let m = 43 + d. List the prime factors of m.
2, 229
Let v = 230 + 120. Let d = 326 + v. What are the prime factors of d?
2, 13
Suppose -o + 4 = 0, -5*b - 18407 + 69804 = 3*o. List the prime factors of b.
43, 239
Let h = 650 - 635. Suppose 5855 = h*m - 1915. List the prime factors of m.
2, 7, 37
Suppose -287*d = -344*d + 1065444. What are the prime factors of d?
2, 4673
Let o(q) = q**3 - 6*q**2 + 3*q - 15. Let j be o(6). Suppose -j*z + 12 = 3*i - 411, -5*i = -20. Let w = z + -11. List the prime factors of w.
2, 3, 7
Suppose 3*d - 30818 = 2*c, -4*d - 2*c - 25448 = -66548. What are the prime factors of d?
2, 11, 467
Let s = 45823 + -21767. List the prime factors of s.
2, 31, 97
Let d be (-28)/3*(-84)/(-18)*54/(-24). Suppose 300 = -9*l + 4*l. Let k = d - l. List the prime factors of k.
2, 79
Let o(i) = -543*i + 401. List the prime factors of o(-37).
2, 47, 109
Suppose -2*i = r - 8, 17*i - 21*i + 16 = -3*r. Suppose -6 = l + l, 0 = -t - i*l + 289. What are the prime factors of t?
7, 43
Let n = 92979 + -41786. What are the prime factors of n?
51193
Suppose -2*g - 3*h - 10 = -5*h, 4*g = 5*h - 20. Let x(r) = 10*r**2 + 8. What are the prime factors of x(g)?
2, 3, 43
Suppose 4*b - 66724 = 2*g, -5*g + 83435 = -10*b + 15*b. What are the prime factors of b?
3, 67, 83
List the prime factors of -7 - (7 - (-6 + 1617)).
1597
Let b(n) be the second derivative of 7*n**3/3 + n**2/2 - n. Let g(v) = 2*v**2 + 9*v + 9. Let z be g(0). What are the prime factors of b(z)?
127
Let z = -4345 - -5238. List the prime factors of z.
19, 47
Suppose 5*f + 25 = 2*f + 5*q, 0 = f - q + 5. Suppose 3*k - 3873 + 1380 = f. Suppose 192 = -9*w + k. What are the prime factors of w?
71
Let w be ((-66)/(-3))/2 - (-5 + 5). Suppose -2*c - 45 = 4*m - w, 3*c + 5*m = -46. Let d = 108 + c. What are the prime factors of d?
101
Let j(y) = -328*y**3 - 17*y**2 - 68*y - 6. List the prime factors of j(-4).
2, 7, 1499
Let k(q) be the third derivative of -1/2*q**3 + 0*q - 1/3*q**4 + 1/30*q**5 + 0 + q**2. What are the prime factors of k(6)?
3, 7
Suppose 55 = -16*v + 10263. Let n = 1146 - v. What are the prime factors of n?
2, 127
Let u be 197 - -3*(0 - -1). Let d = u - -93. Suppose -3*i + d = y, 2*i = -11 + 1. What are the prime factors of y?
2, 7, 11
List the prime factors of -1 - 1 - -6874 - 49/((-784)/32).
2, 7, 491
Suppose -2*f = 6*f + 12*f - 221680. List the prime factors of f.
2, 17, 163
Suppose 5*p - 22 = -12. Let w be 1 + (p - -11*47). Suppose -5*b + w + 85 = 0. What are the prime factors of b?
11
Suppose -42*l + 83460 = -357750. What are the prime factors of l?
5, 11, 191
Suppose 0 = -43*m + 47*m + 24. Let s(l) = l**3 + 7*l**2 + 5*l - 4. Let f be s(m). Suppose -g - 641 = -5*r, -g - 30 = f*r - 292. What are the prime factors of r?
3, 43
Let j(x) = 16*x**2 - 56*x - 482. What are the prime factors of j(-51)?
2, 5, 53, 83
Let t(x) = -7*x - 66. Let h = -72 - -56. Let s be t(h). Suppose -2*z + 502 = -s. What are the prime factors of z?
2, 137
Let a(t) be the second derivative of t**4/6 + t**3/6 - 39*t**2/2 - 6*t + 2. List the prime factors of a(12).
3, 29
Suppose -39*o - 7087 - 7148 = 0. Let a = 2124 + o. List the prime factors of a.
1759
Let x(q) = -94*q**3 - 9*q**2 + 28*q. What are the prime factors of x(-6)?
2, 3, 13, 127
Suppose 4*g + 45878 = 90*m - 88*m, 4*g + 22957 = m. List the prime factors of m.
22921
Let z(p) = -p**3 + 98*p**2 + 514*p + 159. List the prime factors of z(102).
3, 23, 53
Suppose -4*v + 14847 = -5*a - 7243, v + 3*a - 5514 = 0. List the prime factors of v.
2, 3, 5, 23
Let c be ((-9)/10)/(3/(-15))*174. Suppose m - i - c = -4*i, i + 3851 = 5*m. What are the prime factors of m?
3, 257
Suppose 854905 = 77*q - 55389. What are the prime factors of q?
2, 23, 257
Let s(z) = 8*z**2 + 128*z + 2169. List the prime factors of s(-18).
3, 7, 13
Suppose -89*d - 11882 = -512151. List the prime factors of d.
7, 11, 73
Suppose -2400831 = -178*i + 5124930 + 3124157. What are the prime factors of i?
19, 47, 67
Let y = 7 - 3. Let x = 6280 - 6006. Suppose x = y*z - 54. List the prime factors of z.
2, 41
Suppose 2*w = -4*w + 12. Let q(g) = g**2 + 6. Let o be q(w). Suppose o*f = 11*f - 64. List the prime factors of f.
2
Let f be (3 + (-6)/4)*-2. Let j be (-4)/6 - (-28)/(-12) - f. Let l(m) = -m**2 - m + 104. List the prime factors of l(j).
2, 13
Suppose 4545 + 2265 = -10*m. Let v = -342 - m. List the prime factors of v.
3, 113
Let o(w) = 13*w - 8. Let v be o(1). What are the prime factors of (1812/(-18) - v)*-6?
2, 317
Suppose 8*f + 3311 = 39*f - 47963. List the prime factors of f.
2, 827
Suppose -20*r = -4*r. Suppose 18*l - 22*l + 5800 = r. What are the prime factors of l?
2, 5, 29
Let p = 450 - -169. Let x = -279 + p. List the prime factors of x.
2, 5, 17
Let u(w) = 16*w**2 - 47*w - 118. List the prime factors of u(-22).
2, 5, 433
Suppose -18*m - 25*m + 22888 = -39*m. What are the prime factors of m?
2, 2861
Let i = 10944 + -4386. What are the prime factors of i?
2, 3, 1093
Suppose -18*k = 33 - 1383. Let j = 544 - k. List the prime factors of j.
7, 67
Let k(q) = -2*q + 28. Let u be k(8). Suppose -150 = -u*x - 18. List the prime factors of x.
11
Suppose -28*d - 17952 = -6640. Let y = 1473 + d. What are the prime factors of y?
1069
Suppose 0 = 6*i + 171 - 159. List the prime factors of (-5 - -5 - 2) + (-1588)/i.
2, 3, 11
Let z(t) = 15*t - 20. Suppose 4*v - 3*g = 180, 5*g = -5*v + 3*v + 64. Suppose 10*d - 3*d = v. What are the prime factors of z(d)?
2, 5, 7
Let y(k) = 56*k + 1135. List the prime factors of y(68).
4943
Let g be 6/27 + (-21)/(-27). Let q(w) = 425*w - 1. Let t be q(g). List the prime factors of (-8)/20 + t/10.
2, 3, 7
Suppose 0 = -a + 2*r + 1212, 2645 + 2210 = 4*a - r. Let c = -276 + a. What are the prime factors of c?
2, 7, 67
Suppose -1 = 5*q + c, -2*q - 1 = -6*q + c. Suppose -2*o - 4*t + 2360 = 2*o, q = -2*o - 5*t + 1168. Suppose 10*b + o = 16*b. What are the prime factors of b?
3, 11
Let l be (6/18)/((-3)/(-54)). Suppose -2251 = l*y - 9331. List the prime factors of y.
2, 5, 59
Let n = -629 - -631. What are the prime factors of n/(-15) + 681568/885?
2, 5, 7, 11
Let a(y) = 6101*y - 87. List the prime factors of a(4).
24317
Suppose 0 = -4*r - 2*b + 169530, 310*r - b = 313*r - 127149. List the prime factors of r.
2, 3, 883
Let o(r) = 149*r**2 - 43*r + 107. Let i(h) = -73*h**2 + 21*h - 53. Let c(s) = -9*i(s) - 4*o(s). List the prime factors of c(5).
1489
Suppose 2700*h - 2654*h - 761622 = 0. List the prime factors of h.
3, 5519
Suppose 3*r - 3*v - 154 = r, -5*v + 231 = 3*r. Suppose -403 = -4*n + r. List the prime factors of n.
2, 3, 5
Let d(j) = j**2 + 25*j + 17. Let p be d(-27). List the prime factors of (p/4)/((-13)/(-104)).
2, 71
Suppose 280 - 216 = 8*r. What are the prime factors of 2876*(r + (-90)/12)?
2, 719
Let m = 193 + -213. What are the prime factors of (6296/m)/((-8)/20)?
787
Suppose 0 = 8*y + 12 - 92. Let w = y + 386. Suppose 1831 - w = 7*h. What are the prime factors of h?
5, 41
Let t(b) = b**2 - 2*b - 15. Let a be t(-9). Suppose a + 0 = 3*f. Suppose 0 = -n + 2*q + 2*q + f, n + q = 18. List the prime factors of n.
2, 5
Suppose 0 = -4*p - 12, 2*p - 5780 = 3*r - 5*r. Suppose -5*k - 373 = -r. What are the prime factors of k?
2, 3, 7
Let i = 420 + -55. Suppose -2*o + i = 3*y, 0*o + 3*o = 3*y - 360. List the prime factors of y.
11
Let f(w) = 11*w**3 - 19*w**2 + 60*w + 20. What are the prime factors of f(7)?
2, 3, 547
Suppose -3*k = 2*f + 2*k - 928, k = -2*f + 936. Suppose -53 + 29 = -12*z. Suppose -4*w = -d - d - 626, z*d + f = 3*w. List the prime factors of w.
157
Let a(h) = -3*h - 18. Let d be a(-7). Suppose -d*f - 2 = -2. Suppose -9*w + 987 + 660 = f. W